e of 9?
False
Does 517 divide 1779220?
False
Is 804875 a multiple of 25?
True
Does 480 divide 1830898?
False
Does 32 divide 1686211?
False
Does 26 divide 99144?
False
Does 4 divide 5339244?
True
Does 24 divide 678576?
True
Does 7 divide 6291236?
True
Is 7 a factor of 3138941?
False
Does 818 divide 137857?
False
Is 93 a factor of 264417?
False
Is 1102 a factor of 25210454?
True
Is 47082 even?
True
Is 92187 a multiple of 27?
False
Is 1942482 a multiple of 534?
False
Does 2 divide 6799?
False
Does 202 divide 4121134?
False
Does 30 divide 69025?
False
Does 11 divide 112189?
True
Does 318 divide 1153068?
True
Does 68 divide 933028?
True
Is 72 a factor of 167163?
False
Is 357854 a multiple of 7?
True
Is 20 a factor of 824046?
False
Is 22 a factor of 1945372?
True
Is 163976 a multiple of 8?
True
Does 56 divide 5880?
True
Is 7830593 a multiple of 8?
False
Does 189 divide 2219427?
True
Is 67 a factor of 222105?
True
Is 2209653 a multiple of 27?
True
Is 16 a factor of 52904?
False
Does 61 divide 9699820?
False
Is 2 a factor of 146271?
False
Is 883 a factor of 3967811?
False
Is 324764 a multiple of 489?
False
Is 1553411 a multiple of 59?
True
Is 6802904 a multiple of 4?
True
Is 5 a factor of 169021?
False
Does 5 divide 610295?
True
Is 85 a factor of 8263?
False
Is 720 a factor of 3429360?
True
Does 9 divide 51638?
False
Is 490759 a multiple of 101?
True
Does 6 divide 221650?
False
Is 152 a factor of 5919321?
False
Does 11 divide 15138317?
False
Is 13154945 a multiple of 81?
False
Does 49 divide 776591?
False
Is 71538 a multiple of 14?
False
Is 35 a factor of 417046?
False
Is 27 a factor of 25245?
True
Is 280 a factor of 10360?
True
Is 10640811 a multiple of 385?
False
Is 5239041 a multiple of 19?
True
Is 55 a factor of 1341?
False
Is 38134 a multiple of 10?
False
Does 74 divide 4797585?
False
Is 27 a factor of 6076317?
False
Is 22 a factor of 5432240?
True
Does 10 divide 7990360?
True
Is 16798395 a multiple of 69?
True
Is 64 a factor of 18426?
False
Is 931 a factor of 14022722?
True
Is 301 a factor of 4087558?
False
Is 186 a factor of 966779?
False
Does 14 divide 26394?
False
Does 6 divide 7572?
True
Is 47 a factor of 462151?
True
Does 14 divide 428674?
False
Is 808 a factor of 1233816?
True
Is 240506 a multiple of 574?
True
Does 2210 divide 2817750?
True
Is 837200 a multiple of 23?
True
Is 5845616 a multiple of 469?
True
Does 8 divide 6616?
True
Does 896 divide 7557760?
True
Does 12 divide 552948?
True
Is 4118400 a multiple of 88?
True
Is 70956 a multiple of 27?
True
Is 137517 a multiple of 15?
False
Does 1159 divide 13990289?
True
Is 466 a factor of 1341602?
False
Does 93 divide 1042812?
False
Is 343458 a multiple of 45?
False
Is 10122273 a multiple of 31?
False
Is 64220 a multiple of 8?
False
Is 230 a factor of 373290?
True
Does 607 divide 1474887?
False
Is 74387 a multiple of 4?
False
Does 11 divide 8367?
False
Does 141 divide 68385?
True
Does 469 divide 38458?
True
Is 3628560 a multiple of 208?
True
Does 275 divide 205123?
False
Is 1556096 a multiple of 461?
False
Is 5 a factor of 355068?
False
Does 26 divide 205634?
True
Is 367473 a multiple of 347?
True
Does 20 divide 625940?
True
Is 5028450 a multiple of 75?
True
Is 555 a factor of 3704070?
True
Does 54 divide 3383640?
True
Is 32616 a multiple of 191?
False
Does 274 divide 1549727?
False
Does 217 divide 582174?
False
Is 415 a factor of 355655?
True
Does 361 divide 501027?
False
Does 901 divide 3942776?
True
Does 14 divide 6613516?
True
Does 5 divide 2521?
False
Is 259899 a multiple of 41?
True
Is 33 a factor of 262218?
True
Does 22 divide 2135804?
True
Does 296 divide 142376?
True
Does 296 divide 506161?
False
Is 3027522 a multiple of 246?
True
Is 1386 a factor of 11807334?
True
Does 1019 divide 1420705?
False
Is 13 a factor of 1281478?
False
Does 36 divide 1246196?
False
Does 13 divide 2063274?
False
Is 5898031 a multiple of 102?
False
Is 2718 a multiple of 4?
False
Is 85 a factor of 330398?
False
Is 111 a factor of 2479134?
False
Is 17234376 a multiple of 933?
True
Does 10 divide 314020?
True
Does 626 divide 601253?
False
Is 286 a factor of 383057?
False
Does 560 divide 1627920?
True
Is 4532978 a multiple of 56?
False
Is 36 a factor of 19758016?
False
Does 49 divide 157440?
False
Is 2388464 a multiple of 5?
False
Does 238 divide 404600?
True
Does 69 divide 661739?
False
Does 7 divide 42076?
False
Is 128876 a multiple of 10?
False
Is 166 a factor of 644744?
True
Does 7 divide 123949?
True
Is 37 a factor of 473008?
True
Does 1202 divide 11038306?
False
Is 17860880 a multiple of 571?
True
Does 20 divide 9533260?
True
Does 83 divide 2939900?
False
Is 32358780 a multiple of 15?
True
Is 12 a factor of 452328?
True
Does 4 divide 2034878?
False
Is 10313216 a multiple of 14?
False
Is 13190400 a multiple of 720?
True
Is 1449371 a multiple of 873?
False
Is 165443 a multiple of 2?
False
Does 46 divide 19688?
True
Is 14196 a multiple of 14?
True
Does 606 divide 444804?
True
Is 460 a factor of 1635892?
False
Is 36702 a multiple of 2?
True
Is 21 a factor of 23400363?
True
Is 10 a factor of 311550?
True
Is 10 a factor of 815770?
True
Does 27 divide 176891?
False
Is 21 a factor of 225471?
False
Is 480 a factor of 10627291?
False
Is 584 a factor of 5327293?
False
Is 105600 a multiple of 16?
True
Does 673 divide 1449503?
False
Is 6053805 a multiple of 5?
True
Is 297592 a multiple of 197?
False
Does 55 divide 259414?
False
Is 19 a factor of 57983?
False
Is 2 a factor of 333132?
True
Is 322200 a multiple of 90?
True
Does 34 divide 68839?
False
Is 4268086 a multiple of 308?
False
Is 90309 a multiple of 758?
False
Is 295020 a multiple of 45?
True
Does 2 divide 23794?
True
Is 88884 a multiple of 18?
True
Is 717530 a multiple of 593?
True
Does 466 divide 557433?
False
Does 32 divide 2818528?
True
Is 60722 a multiple of 194?
True
Is 68528 a multiple of 14?
False
Does 10 divide 107090?
True
Does 7 divide 653628?
False
Is 95 a factor of 31278?
False
Is 16368758 a multiple of 37?
False
Does 48 divide 296016?
True
Is 1538010 a multiple of 45?
True
Does 851 divide 875504?
False
Does 78 divide 3139890?
True
Is 3599480 a multiple of 580?
True
Is 109 a factor of 9654786?
False
Does 125 divide 174061?
False
Is 17 a factor of 681707?
False
Is 570 a factor of 682442?
False
Does 242 divide 2617997?
False
Does 587 divide 3177713?
False
Is 14 a factor of 431326?
True
Does 13 divide 181337?
True
Is 81846 a multiple of 57?
False
Does 177 divide 16016022?
True
Is 448342 a multiple of 4?
False
Does 31 divide 120815?
False
Is 186 a factor of 5485286?
False
Is 228525 a multiple of 164?
False
Does 5 divide 21519?
False
Is 339048 a multiple of 24?
True
Is 9 a factor of 1411452?
True
Is 10 a factor of 9037?
False
Does 202 divide 501970?
True
Is 214407 a multiple of 527?
False
Is 249354 a multiple of 63?
True
Is 10 a factor of 42450?
True
Does 531 divide 2591280?
True
Is 2030 a multiple of 7?
True
Is 20 a factor of 247380?
True
Does 20 divide 34890608?
False
Is 42 a factor of 10057572?
True
Does 90 divide 452661?
False
Does 53 divide 4453961?
True
Does 100 divide 471692?
False
Is 145 a factor of 1270925?
True
Is 10402723 a multiple of 43?
False
Is 7038 a multiple of 23?
True
Does 31 divide 415710?
True
Is 40 a factor of 7178760?
True
Does 353 divide 1689838?
False
Is 37 a factor of 245635?
False
Is 26 a factor of 1607091?
False
Does 12 divide 295764?
True
Does 658 divide 7251818?
True
Is 1336315 a multiple of 646?
False
Does 268 divide 2017623?
False
Is 10 a factor of 1263250?
True
Is 519 a factor of 488021?
False
Is 32443 a multiple of 95?
False
Does 961 divide 6431204?
False
Is 8 a factor of 159451?
False
Is 403447 a multiple of 11?
True
Is 843178 a multiple of 16?
False
Is 13 a factor of 715?
True
Is 481806 a multiple of 174?
True
Is 28905 a multiple of 15?
True
Is 46148 a multiple of 89?
False
Is 4 a factor of 353432?
True
Is 82078 a multiple of 21?
False
Is 255 a factor of 917745?
True
Does 26 divide 286130?
True
Is 398 a factor of 1705828?
True
Does 21 divide 395355?
False
Is 22 a factor of 499064?
False
Does 184 divide 60352?
True
Does 325 divide 5155475?
True
Is 15 a factor of 263535?
True
Does 4 divide 197562?
False
Does 6 divide 910518?
True
Does 112 divide 241501?
False
Is 6394 a multiple of 5?
False
Does 27 divide 7128918?
Tru